q(w) = 761*w**3 - w**2 - 28*w + 53. Is q(4) composite?
True
Let f(d) = -2*d**3 - 3*d**2 + 5*d + 5. Let r be f(-6). Suppose -4*k + 2*j - 885 + 45 = 0, 3*j - 1050 = 5*k. Let n = k + r. Is n a prime number?
True
Let v be (-1 - 0/((-2)/(-2)))*-7087. Let n = v - 4476. Is n a prime number?
False
Let r(m) = 1433*m + 1008. Is r(29) prime?
False
Let r(v) be the third derivative of 3*v**5/5 - v**4/2 + 11*v**3/6 + 13*v**2. Is r(-6) a prime number?
False
Suppose w = -2*x - 12, x + w + 3*w + 13 = 0. Is x + 8 + (-3)/(9/(-5592)) prime?
True
Suppose 25 = 12*q - 7*q. Suppose 0 = q*w + 20, 0 = -z + w + 2*w + 378. Suppose 4*i - 4*d - 496 = 0, 0 = -6*i + 3*i + 5*d + z. Is i a prime number?
True
Suppose -8*w = -11*w + 36. Let s(z) = -z**3 + 19*z**2 + z - 14. Is s(w) prime?
False
Let u(m) be the second derivative of 139*m**4/12 + m**3/6 + 3*m**2/2 - 107*m. Suppose 5*k - 2 - 5 = -4*g, 3*g + 3*k - 3 = 0. Is u(g) composite?
False
Suppose -4*v + 8888 + 2388 = 0. Is v prime?
True
Suppose 102*b = 106*b - 107284. Is b prime?
True
Let w(c) be the first derivative of -c**4/4 - 7*c**3/3 - c**2/2 - 7*c - 7. Let j be w(-6). Is j/(1/(-7) + 0) composite?
True
Let d = -69 - -73. Suppose m - 6148 = -5*k, 0*m + d*k = 3*m - 18425. Is m a composite number?
False
Let u(q) = -q**2 + q - 3. Let k be u(0). Let x(i) = -74*i - 11. Is x(k) a composite number?
False
Let u(w) = -7434*w**3 - 2*w**2 + 2*w + 3. Is u(-1) a prime number?
True
Suppose 5*q - 2*l = 2*l - 27, -2*q - l = 16. Let o = 12 + q. Suppose 2374 = o*z - 2911. Is z composite?
True
Let q = 27 - 25. Suppose 2529 = 3*t - q*k - 2*k, 836 = t + k. Is t composite?
False
Suppose 13*i - 41850 = 75449. Is i a prime number?
False
Let z = -328 - -127. Let n = z - -115. Let b = n + 141. Is b prime?
False
Suppose 0 = 2*p - n - 48654, -24*n = 5*p - 27*n - 121633. Is p composite?
False
Is (-56)/21 - -3 - (-1984)/6 a prime number?
True
Let o be 6/(-4)*(-40)/15. Suppose -2*d = 9*n - o*n - 14699, 5*n = d + 14693. Is n prime?
True
Is (-478794)/(-24) + -3 - 42/24 prime?
False
Let j = 12 + -12. Let m be (-1 + 4)*(17 - j). Suppose 3*g - 4*x = 329, g - m = -5*x + 65. Is g prime?
False
Let x be (-8)/(16/(-471))*8. Suppose 2*r - 806 - x = 0. Is r composite?
True
Suppose -3*i = -0*i - 390. Suppose i + 287 = 3*k. Is k a prime number?
True
Suppose 4288 - 42968 = -20*s. Is s composite?
True
Suppose 13 = 5*k - 2*b, -2*k - k - b = 1. Is (386 - 5)/(k/1) composite?
True
Let o = -21 - -44. Let g = o - -64. Is g composite?
True
Let o = -23 - -35. Suppose o = 6*p - 2*p. Suppose 378 = p*z + 3*n - 177, -3*z + 555 = -3*n. Is z prime?
False
Suppose 1 = -2*t + 21. Suppose -5*d = 5*l + 6 - 26, -l = 4*d - t. Suppose d*i - z - 4*z - 17 = 0, -4*z = -3*i + 22. Is i composite?
True
Let m = 1612 - 2384. Let t = 1673 + m. Is t composite?
True
Let m(h) be the first derivative of -h**4/4 + 5*h**3 + 11*h**2/2 - 4*h - 4. Is m(15) a prime number?
False
Let i = -93 - -95. Suppose -4*q + i*q + 418 = 0. Is q composite?
True
Let i be 36/6 + -9 + 6/2. Suppose -6*d - 1514 + 5036 = i. Is d a composite number?
False
Let d(p) = -p**3 + 19*p**2 - 16*p + 7. Let j = -112 - -126. Is d(j) prime?
False
Suppose 2*f + 6 = 4*h, 5*h = 2*h - 3*f + 18. Let p be 3/(h/8) + -3. Suppose 0 = -p*j + 3*j + 172. Is j a composite number?
True
Suppose 16*r + 2*h = 12*r + 68672, -5*h = 5*r - 85845. Is r prime?
True
Suppose 0 = 4*t - 5*a, 5*t + 0*a = -4*a. Let l be (444 + 3)*2 + t. Suppose 0 = 4*g - 2*g - l. Is g a composite number?
True
Let z(s) be the third derivative of s**4/12 - 5*s**3/6 + 4*s**2. Let y be z(0). Is (y + 9)*(-194)/(-8) prime?
True
Let b(x) = -x**2 - 12*x - 5. Let d be ((-2)/3)/((-4)/(-66)). Let s = -22 - d. Is b(s) a prime number?
False
Suppose -y - 2*d - 219 = -1736, 3*d = -y + 1516. Let z = y - 1043. Is (-1)/(2 - z/236) composite?
False
Suppose 11 = -5*b - 9, -2*b - 6 = q. Let o(v) = 38*v + 3. Let j be o(q). Suppose 5*i - j = 316. Is i composite?
False
Suppose -m + 3 = -5. Let x(p) = 3*p**3 - 10*p**2 + 5*p + 10. Let s be x(m). Let r = 1433 - s. Is r prime?
True
Suppose 4*u = -0*u - 4*z, 3*u = -2*z - 1. Let j(x) = -178*x**3 - 2*x**2 - 2*x - 1. Is j(u) composite?
True
Let o(w) = 7*w. Let t be o(6). Suppose -t = -4*p + 7*p. Is (-2 - -1)/(-1) - p a composite number?
True
Let z = 8 + -11. Is 7/((-7)/z) - -328 a composite number?
False
Let s = -4 - -11. Let t(b) be the first derivative of 4*b**3/3 - 9*b**2/2 - 2*b + 7. Is t(s) a composite number?
False
Let t be 3*(-4 + -25)/1. Let m = 394 + t. Is m a prime number?
True
Suppose 10*u - 915151 = -21*u. Is u a composite number?
True
Let l(v) = -64*v**3 + 3*v**2 - 2*v - 25. Is l(-4) a prime number?
True
Let i(k) = -k**2 + 16*k. Let u be i(16). Suppose 6*o + 2563 - 12397 = u. Is o prime?
False
Let q(a) = 22*a**3 - 12*a - 9. Is q(7) a prime number?
False
Suppose -q - 3*q + 2*m = 310, -5*q = -m + 383. Let v = 113 + q. Let a = v + 102. Is a prime?
True
Let c(p) = p + 7*p + 26*p**2 + 5 - 6*p + 2*p. Is c(-5) a prime number?
False
Suppose 0 = -3*k + 477 + 2403. Let m = 31 + k. Is m a composite number?
False
Let m(p) = 21*p + 10. Is m(9) prime?
True
Suppose 3*s - 42 = -30. Suppose -4*u + 10739 = 5*f, 2*u = u + s*f + 2669. Is u a composite number?
True
Let m be (-1)/(-1 + 3)*-4. Suppose 3*j - 7365 = -m*j. Is 3/(-4) + j/12 a prime number?
False
Let h(m) = 18*m + 1. Let u be h(1). Let q be 4/(-8)*(-3 - u). Is 3933/33 - 2/q prime?
False
Suppose -9*g + 4*g - 8024 = -2*y, g = -2. Is y a composite number?
False
Let q(i) = -i**3 - 8*i**2 - 4*i + 4. Suppose -1 = -3*r - 22. Let f be q(r). Let s = 110 - f. Is s prime?
True
Suppose 165855 - 33293 = 4*n + 3*w, -5*w - 33129 = -n. Is n composite?
True
Let l be (-2 - -20)/2 - 3. Suppose l = -2*w + 14. Suppose -89 = -w*d + 507. Is d prime?
True
Let z = 5 - 3. Let q be (1 + z + -2)*0. Suppose q = -3*d - 0*d + 5*y + 260, 0 = 5*d + 2*y - 423. Is d prime?
False
Suppose 0 = 4*g + 61*y - 60*y - 103470, 0 = g - 4*y - 25859. Is g composite?
False
Let a be (-154)/(-10) - (-22)/(-55). Let c = 15 - a. Suppose 5*y + 0*y - 2095 = c. Is y a prime number?
True
Is (57/95)/(6/6470) a composite number?
False
Suppose -5*y - 34 + 9 = 0, -30 = -f + 5*y. Suppose -909 = -f*u + 86. Is u a composite number?
False
Suppose -5*q = -7*q + 612. Let j = -212 + q. Is j a prime number?
False
Let l(m) = -2 + 11 - 17*m + 6*m. Is l(-4) a prime number?
True
Is 312207/12 - 23/92 prime?
True
Let k be -1 - (176 - -3 - -3). Let x = k + 406. Let f = -154 + x. Is f a composite number?
True
Let h = -39 - -41. Suppose b + 1202 = 2*u - 1409, -h*b + 2596 = 2*u. Is u a prime number?
True
Suppose -5*p - 16 + 43 = 4*d, 3*p - 3 = 2*d. Suppose -3*x = -5*m + 1271, 2*x = -0*x - d*m - 879. Let k = -55 - x. Is k a prime number?
False
Let a(k) = k**3 + 6*k**2 + k - 5. Let h be a(-4). Let y = -98 + h. Is (-1 + y + -3)*-1 prime?
True
Let d be ((-6)/4)/((-24)/80). Suppose -4*c + d*c - 447 = 0. Is c prime?
False
Let a be (-4 - 314 - -1) + -3. Suppose 5*s - 3327 - 758 = 0. Let l = a + s. Is l a prime number?
False
Suppose 0 = -15*h + 18*h - 7809. Is h a prime number?
False
Let m = -98 + 29. Let c be ((-2)/(-4))/(3/(-816)). Let r = m - c. Is r prime?
True
Suppose 4*y + 8 = y - 4*q, 3*q = -3*y - 3. Let t be (-45948)/(-48) + 3/y. Is (-8)/36 - t/(-18) prime?
True
Let w = -6 + 15. Let h = 13 - w. Suppose -2*r + 1626 = 4*f - 542, 5*r = -h*f + 2174. Is f prime?
True
Suppose -3*v - 21331 = -2*t, 32953 - 961 = 3*t - 3*v. Is t a composite number?
True
Suppose 0 = 3*w - u - 2674, -w - 3*u = -4*w + 2682. Suppose w = 2*z - 3032. Is z a composite number?
True
Let n = 30 + -22. Let x be (n + -4)/(-12)*9. Is (-502)/(-4)*(-1 - x) a composite number?
False
Let m(r) = -4*r**2 - r - 8. Let y(x) = -x**2 + x. Let s(p) = -m(p) - 3*y(p). Suppose 4*h + 7 = 5*h. Is s(h) composite?
False
Let b(p) = 3966*p**3 + p**2 - 5*p + 5. Is b(1) composite?
False
Let a be (-38)/2 - (3 + -4). Let j(t) = -5*t - 15. Let c be j(-4). Let u = c - a. Is u a composite number?
False
Suppose 2*o - 5*o - 2*s + 18435 = 0, -3*o + s = -18426. Is o a composite number?
False
Let j(o) = -24*o**2 + 2*o + 1. Let d(z) = 8 + 0 - 5 - 48*z**2 + 5*z. Let i(f) = 2*d(f) - 5*j(f). Is i(-2) a prime number?
True
Suppose 0*q - 5*q = -85. Let h = q - 14. Suppose b + 552 = h*c, -60 = -3*c + 2*b + 489. Is c composite?
True
Let g = 20 + -19. Let t be g*3/(-